at is the millions digit of 25091451?
5
What is the tens digit of 1121006?
0
What is the tens digit of 19799030?
3
What is the thousands digit of 138392?
8
What is the hundreds digit of 6276305?
3
What is the hundreds digit of 294857?
8
What is the units digit of 993205?
5
What is the units digit of 469571?
1
What is the hundreds digit of 872515?
5
What is the hundreds digit of 141269?
2
What is the units digit of 29144779?
9
What is the hundred thousands digit of 837738?
8
What is the thousands digit of 15950268?
0
What is the thousands digit of 1673625?
3
What is the millions digit of 1834230?
1
What is the hundred thousands digit of 2400182?
4
What is the thousands digit of 19879?
9
What is the tens digit of 164183?
8
What is the hundreds digit of 4472088?
0
What is the hundred thousands digit of 258101?
2
What is the tens digit of 1555510?
1
What is the tens digit of 13978613?
1
What is the units digit of 10739933?
3
What is the thousands digit of 3478330?
8
What is the hundred thousands digit of 121238?
1
What is the ten thousands digit of 337192?
3
What is the thousands digit of 294920?
4
What is the hundred thousands digit of 1272349?
2
What is the tens digit of 1768029?
2
What is the units digit of 169132?
2
What is the thousands digit of 4718557?
8
What is the units digit of 867911?
1
What is the hundreds digit of 13185847?
8
What is the thousands digit of 580833?
0
What is the units digit of 409030?
0
What is the tens digit of 9616492?
9
What is the hundred thousands digit of 141317?
1
What is the tens digit of 5418746?
4
What is the thousands digit of 16914830?
4
What is the hundred thousands digit of 566959?
5
What is the thousands digit of 758454?
8
What is the ten thousands digit of 48387?
4
What is the hundred thousands digit of 5051208?
0
What is the tens digit of 451389?
8
What is the tens digit of 3193148?
4
What is the ten thousands digit of 105332?
0
What is the hundreds digit of 242543?
5
What is the tens digit of 427281?
8
What is the hundreds digit of 829508?
5
What is the hundred thousands digit of 4340559?
3
What is the hundred thousands digit of 9896462?
8
What is the hundred thousands digit of 16869543?
8
What is the tens digit of 1178298?
9
What is the tens digit of 78702?
0
What is the hundreds digit of 249744?
7
What is the units digit of 321035?
5
What is the tens digit of 1665125?
2
What is the hundreds digit of 352316?
3
What is the thousands digit of 73196?
3
What is the thousands digit of 185439?
5
What is the hundred thousands digit of 204168?
2
What is the units digit of 2704759?
9
What is the hundred thousands digit of 154587?
1
What is the ten millions digit of 27739790?
2
What is the hundreds digit of 49148?
1
What is the thousands digit of 176473?
6
What is the hundreds digit of 524277?
2
What is the units digit of 215375?
5
What is the ten thousands digit of 324045?
2
What is the hundreds digit of 1491815?
8
What is the tens digit of 450601?
0
What is the hundreds digit of 115708?
7
What is the hundreds digit of 399358?
3
What is the thousands digit of 36945?
6
What is the units digit of 250586?
6
What is the hundred thousands digit of 513070?
5
What is the tens digit of 10661?
6
What is the units digit of 453187?
7
What is the units digit of 82599?
9
What is the hundreds digit of 21266442?
4
What is the thousands digit of 6616183?
6
What is the tens digit of 587634?
3
What is the hundreds digit of 25445?
4
What is the thousands digit of 3320942?
0
What is the hundred thousands digit of 3401981?
4
What is the thousands digit of 1706142?
6
What is the thousands digit of 514352?
4
What is the tens digit of 611787?
8
What is the tens digit of 2137761?
6
What is the hundred thousands digit of 8472769?
4
What is the hundreds digit of 2134099?
0
What is the hundred thousands digit of 2945331?
9
What is the thousands digit of 30008056?
8
What is the ten thousands digit of 2240635?
4
What is the thousands digit of 526624?
6
What is the units digit of 342817?
7
What is the hundreds digit of 23713759?
7
What is the units digit of 1925793?
3
What is the tens digit of 28580?
8
What is the hundreds digit of 711?
7
What is the units digit of 12421704?
4
What is the tens digit of 1870301?
0
What is the hundreds digit of 14949174?
1
What is the thousands digit of 5099493?
9
What is the thousands digit of 537581?
7
What is the tens digit of 258842?
4
What is the units digit of 725550?
0
What is the units digit of 616537?
7
What is the units digit of 20666385?
5
What is the tens digit of 31706193?
9
What is the millions digit of 15122186?
5
What is the hundred thousands digit of 30934269?
9
What is the hundred thousands digit of 152061?
1
What is the thousands digit of 1215818?
5
What is the tens digit of 4513943?
4
What is the tens digit of 749486?
8
What is the hundred thousands digit of 6424742?
4
What is the tens digit of 42934436?
3
What is the tens digit of 620494?
9
What is the millions digit of 8011061?
8
What is the ten thousands digit of 426818?
2
What is the thousands digit of 85676?
5
What is the thousands digit of 38040005?
0
What is the hundreds digit of 203858?
8
What is the hundreds digit of 8780850?
8
What is the hundred thousands digit of 14251667?
2
What is the tens digit of 78214?
1
What is the hundred thousands digit of 121324?
1
What is the hundreds digit of 742822?
8
What is the millions digit of 4836620?
4
What is the tens digit of 322268?
6
What is the millions digit of 9301363?
9
What is the tens digit of 1926136?
3
What is the thousands digit of 29933721?
3
What is the units digit of 1700386?
6
What is the hundred thousands digit of 12626275?
6
What is the hundred thousands digit of 665957?
6
What is the tens digit of 7456590?
9
What is the hundreds digit of 233391?
3
What is the hundred thousands digit of 341565?
3
What is the thousands digit of 418520?
8
What is the hundred thousands digit of 1229297?
2
What is the hundreds digit of 2656889?
8
What is the tens digit of 1523663?
6
What is the tens digit of 1168181?
8
What is the ten thousands digit of 122699?
2
What is the tens digit of 828154?
5
What is the units digit of 1170347?
7
What is the thousands digit of 2167725?
7
What is the thousands digit of 3652756?
2
What is the hundred thousands digit of 8079346?
0
What is the ten millions digit of 30359862?
3
What is the hundreds digit of 1978514?
5
What is the thousands digit of 2736266?
6
What is the units digit of 273407?
7
What is the thousands digit of 72867?
2
What is the thousands digit of 1930917?
0
What is the tens digit of 1379064?
6
What is the thousands digit of 362008?
2
What is the tens digit of 18249680?
8
What is the thousands digit of 7225477?
5
What is the thousands digit of 5639591?
9
What is the thousands digit of 432087?
2
What is the hundreds digit of 214512?
5
What is the units digit of 144437?
7
What is the hundreds digit of 5117446?
4
What is the units digit of 26475716?
6
What is the hundreds digit of 241959?
9
What is the hundreds digit of 529337?
3
What is the hundred thousands digit of 1210614?
2
What is the units digit of 8904981?
1
What is the hundreds digit of 312917?
9
What is the thousands digit of 26963647?
3
What is the tens digit of 1368472?
7
What is the tens digit of 9532985?
8
What is the units digit of 123563?
3
What is the units digit of 521403?
3
What is the millions digit of 2261857?
2
What is the thousands digit of 164010?
4
What is the hundreds digit of 141933?
9
What is the ten thousands digit of 30017?
3
What is the thousands digit of 118181?
8
What is the thousands digit of 13849408?
9
What is the units digit of 127876?
6
What is the units digit of 10674474?
4
What is the millions digit of 3482052?
3
What is the units digit of 5490915?
5
What is the thousands digit of 39309?
9
What is the tens digit of 93231?
3
What is the thousands digit of 109227?
9
What is the hundred thousands digit of 3111075?
1
What is the ten thousands digit of 316734?
1
What is the hundreds digit of 20814279?
2
What is the thousands digit of 15676954?
6
What is the ten thousands digit of 5780876?
8
What is the tens digit of 9521806?
0
What is the units digit of 277761?
1
What is the thousands digit of 8966635?
6
What is the ten thousands digit of 10412220?
1
What 